3*i = -0*d + 2*d + 196, -5*d + 37 = i. Suppose -113 + i = -q. Is q a composite number?
True
Suppose 2*l + 10 = 2*b, -2*b = 2*b - 12. Let u be 1196/8 + (-3)/l. Is 1/((-2)/u)*-4 composite?
True
Suppose 3*b - 160045 = -2*o + o, -5*b = -2*o - 266727. Is b composite?
True
Let m(f) = 2*f**3 - 3*f**2 + 7*f - 215. Is m(21) prime?
False
Let y = -2 + -7. Let p = 14 + y. Suppose 3*o - 658 = -4*x, p*o = 2*x - 0*o - 342. Is x prime?
False
Suppose 122*q - 61352 = 114*q. Is q a composite number?
False
Let n(m) = m**3 + 26*m**2 + 42*m + 36. Let b be (2 + -5)/(-9)*(-1 - 50). Is n(b) composite?
True
Let c(o) be the second derivative of -o**4/12 - 7*o**3/6 - 11*o**2/2 + 6*o. Let x be c(-5). Is x + 646 + 4/2 prime?
True
Let f(j) = -995*j + 82. Is f(-3) a composite number?
False
Let y = -4465 - -8072. Suppose 0*d = -x + d + 719, -5*x + y = d. Is x a prime number?
False
Let r = -565 - -2072. Is r a prime number?
False
Let c(i) = -i + 8. Let u be c(6). Suppose 0 = 4*k + j - 3*j - 150, -u*k - 2*j = -72. Is k prime?
True
Let m(i) = -1104*i - 133. Is m(-9) a prime number?
True
Let t(u) be the third derivative of 41*u**4/4 - 7*u**3/6 - 30*u**2. Is t(2) a composite number?
True
Let i(v) = -v**2 + 14*v + 20. Let k be i(14). Is (-55)/(-2)*40/k a composite number?
True
Let t(s) = -23*s + 6. Let l(y) = -22*y + 6. Let i(d) = 6*l(d) - 5*t(d). Let v be (-2 - -5) + (0 - 8). Is i(v) a composite number?
True
Let f = -440 - -852. Let p = 566 + f. Suppose -2*y - 4*q = -p, 5*y - 4*q = -2*q + 2397. Is y prime?
False
Suppose 0*b - 3*b = 0. Suppose -2*z - 900 = -2*c, b*z + 912 = 2*c + z. Is c prime?
False
Let g(s) = 6*s**3 + s**2 - s - 4. Let w(k) = -11*k**3 - k**2 + 3*k + 8. Let o(y) = -5*g(y) - 3*w(y). Let z be o(-4). Is (3 - z)*(-3)/(-5) prime?
False
Let j = -5 - -27. Suppose w - 315 = j. Is w a composite number?
False
Let o be (11510/30)/((-1)/3). Let t = 1696 + o. Is t prime?
False
Suppose -2*a = 3125 - 8391. Is a a composite number?
False
Suppose 5*d = 17 + 8. Let p(q) = 8*q - 2. Let g be p(d). Suppose 0 = -r + 93 - g. Is r a composite number?
True
Is (-4)/34 + (-219115)/(-17) prime?
True
Let h(u) = 19*u**3 - 39*u**2 - 20*u + 47. Is h(13) prime?
True
Let c be ((-4)/((-2)/2))/2. Suppose 99 = -i + c*i. Suppose 3*k - i + 30 = 0. Is k a composite number?
False
Let r be ((-6)/(-1))/2 + 3. Let t be r/9*(-9)/(-2). Is 32 - t - 4/(-2) a prime number?
True
Suppose -5*n - 35 = -130. Let d be 2/(-6) + n/3. Is 0 + 3 + d + 88 a prime number?
True
Let v be 6/(-12) + 14/4. Suppose -7*b - 12 = -v*b. Is (b/6)/(4/(-1608)) a composite number?
True
Let i(j) = 48*j + 4. Let u be i(8). Let n = -70 + 72. Suppose -u + 120 = -n*l. Is l a composite number?
True
Let m be 1*-6*(-3)/9. Let y(k) = -10*k**m + 5*k**2 + k**3 + 17*k**2 - 2*k + 13. Is y(-12) composite?
False
Suppose 2*i = 5*c - 44313, -5*c = -c - 2*i - 35452. Is c composite?
False
Let v = -10 + 9. Let x(r) = 2*r**3 + r**2 - r - 1. Let t be x(v). Is (t - -2)*(-22)/(-2) prime?
True
Let f(h) = h**2 + 5*h + 2. Suppose -4*y + 6*y = -10. Let p be f(y). Suppose -1076 = -p*b - 2*b. Is b a composite number?
False
Let l(o) = -2*o**2 - 4*o - 5. Let y(n) = -n**2 + n - 3. Let g be y(0). Let f(i) = 2*i**2 + 4*i + 6. Let s(a) = g*l(a) - 2*f(a). Is s(-4) prime?
True
Let t(p) = p**2 - 18*p + 85. Let l be t(9). Suppose v - 1403 = -l*j + 3*j, -5*j + 4*v = -6979. Is j composite?
False
Let p be (-2)/((-22)/6 - -3). Suppose 2*a = 5*w - 1780 - 2207, p*w + 5*a = 2386. Is w a prime number?
True
Let f be 1/(-1) - (-5 + 5 + -4614). Suppose -6*p - p = -f. Is p a prime number?
True
Let l(q) = 39*q**2 - 2*q + 1. Let s be l(-2). Let n = 594 - s. Suppose 4*u - n = -5*i, 0 = -i + 3*u - 0*u + 98. Is i a prime number?
True
Let q = -2 - 8. Let v(o) = 7*o**2 + 4*o - 7. Let m(c) = -2*c**2 + c + 1. Let r(u) = 3*m(u) + v(u). Is r(q) a composite number?
True
Suppose 0 = 5*j + 5*k - 12890, 3*k = -20*j + 18*j + 5155. Is j a composite number?
False
Suppose -12 = 4*v - v, -4*v - 6 = 5*h. Suppose 0*r = -2*r + h. Is (-4 + r - 191)/(-2) a prime number?
True
Let r = 88 - 3. Let y(q) = q**3 - 10*q**2 + 10*q. Let c be y(8). Let v = c + r. Is v a prime number?
True
Let a(w) = -w**2 + 36*w - 90. Let t be a(33). Let b(v) = -v. Let g(k) = 3*k**2 - 14*k + 5. Let m(q) = -b(q) + g(q). Is m(t) a prime number?
True
Let s = 1599 + -2334. Let g = s + 1177. Let u = g - 273. Is u a composite number?
True
Let c(y) = 24 + 10*y + 37*y**2 - 49 + 4*y + 20. Is c(6) prime?
False
Let r = 2295 - 701. Let l = -1103 + r. Is l prime?
True
Suppose -j - 8*j + 99 = 0. Is (1802/6)/(j/(-3) - -4) a composite number?
True
Let k(n) = 46*n**2 - 29*n + 96. Is k(5) prime?
False
Let x = 628 + -393. Is x prime?
False
Let h(d) = -7*d + 9. Let m(q) be the third derivative of q**4/3 - 3*q**3/2 - 6*q**2. Let c(b) = -3*h(b) - 4*m(b). Is c(-4) composite?
False
Let z(c) = -5*c**3 - c**2 - 8*c + 9. Let p be z(4). Let q(f) = -106*f + 2. Let t be q(2). Let y = t - p. Is y a composite number?
False
Suppose -4*q + 2*r = -92828, 15*r = -5*q + 11*r + 116061. Is q a composite number?
False
Let o(j) = -28*j - 11. Let w = 9 - 17. Let v be w - 1*(2 - 4). Is o(v) a prime number?
True
Suppose -2*i + 0 - 2 = 0, -4*g + 35729 = 3*i. Is g a composite number?
False
Suppose -2*b - 3*u = -12 - 552, 6 = -3*u. Let j = b + -136. Is j a composite number?
False
Suppose -195619 = 4*z - 8*z - 5*y, y - 97805 = -2*z. Is z prime?
False
Let o = -7 + 9. Suppose 26 = 4*h - o*a, 5*a + 31 = 4*h - 4. Suppose h*x = 3*x + 254. Is x a composite number?
False
Let g be 3 + -6 - 6 - 1. Let m = -28 - g. Is (-4833)/m - (-1)/2 a composite number?
False
Let h be ((-3062)/3)/(9/(-27)). Suppose 0 = -m - 5, 4*m = 4*u + 518 - h. Is u prime?
True
Let u be (-4)/3*(-117)/2. Let l = -1585 + 2366. Suppose l = v + u. Is v a prime number?
False
Is (-5)/(40/(-8)) - -5110 a composite number?
True
Let d = 943 + -321. Let w(z) = z - 1. Let x be w(4). Suppose x*t = -3*s + 480, 3*t - d = -4*s + 5*t. Is s a composite number?
False
Suppose 5*g - 3221 = 4*l, -l + 1907 = 3*g + 3*l. Suppose -4*p + g = -643. Is p a composite number?
True
Is 88130/40 + 3/(-12) a composite number?
False
Let x(h) = -h**3 - 5*h**2 - 5*h - 4. Let b be x(-4). Suppose b = -3*u - u + 852. Is u composite?
True
Suppose 50*a - 80185 = 15*a. Is a a prime number?
False
Let m = 10 + -10. Let y(i) = -i + 111. Is y(m) a prime number?
False
Let n be (5 + -1)/((-7)/(-7)). Suppose 5*o - 1056 = -3*y + 5524, o = n*y + 1339. Is o a prime number?
True
Let o(k) = k**2 - 4. Let b be o(-3). Is (6 - b) + 2 + -2 + 252 a composite number?
True
Let w be (40/(-12))/((-6)/9). Suppose -w*r - 5*o + 1070 = 0, o + 208 + 663 = 4*r. Let d = 418 - r. Is d a composite number?
True
Let m be (-4)/3 + 1 - (-24)/18. Is (2 + -4)*m*1186/(-4) composite?
False
Suppose 5*r - 87745 = -11630. Is r a prime number?
False
Let w = 1599 + 3440. Is w composite?
False
Suppose 263777 = -21*n + 40*n. Is n a prime number?
True
Suppose -3*f + 3 = -3. Suppose 2*a + 0*h = -f*h + 748, 5*h = 4*a - 1469. Is a prime?
False
Suppose -5*d = -4*d - 6007. Is d a composite number?
False
Suppose 12*a = 36759 - 3351. Let q = -1837 + a. Is q composite?
False
Let i be (5 - 1224/(-20))/(1/5). Suppose 520 = 2*j + 2*j - 2*v, 3*j = 4*v + 380. Let r = i - j. Is r composite?
False
Let a = -8904 + 15967. Is a composite?
True
Let k(a) = -4*a + 5. Suppose -5*y - 48 = -3*q, -3*y + 4*q = 8*q + 52. Is k(y) composite?
False
Suppose -5*k + 2 - 247 = 4*x, 0 = -2*k + 2*x - 116. Suppose -5*b + 2*u - 890 = 0, 2*b = -3*b - 2*u - 870. Let q = k - b. Is q a prime number?
False
Suppose 0 = 34*k - 17*k - 49317. Is k composite?
True
Let l be (-1)/(-3)*(2 - 2). Suppose -3*m + 16 = -5*x, 10*m - 5*m + 5*x = l. Suppose m*t = f + 70, 3*f = 4*f + 2. Is t prime?
False
Let p = 4182 + -1880. Is p composite?
True
Suppose -4*h + 3657 + 71 = 0. Suppose -5*y + h = -603. Is y a composite number?
False
Suppose -3*f + 486 = 2*y + y, -5*f - 675 = -4*y. Let b = 682 - y. Is b composite?
True
Suppose 5*x + j - 232862 = 0, 5*x - 4*x = 3*j + 46582. Is x a prime number?
True
Is (-10)/15 - 4389/(-9) composite?
False
Let a(q) = -q**3 + 7*q**2 + 5. Let x be a(7). Suppose -x*m - 60 = -9*m. Is m prime?
False
Let a be (-8)/(-48) - (-1)/(-6). Suppose 3*t + 6060 = 3*q, -3*q + 2*t - 7*t + 6052 = a. Is q composite?
True
Suppose -3*x - 3*b = 20517, 4*x + 5